1 + 0 - ((-25 - -10) + 13) - 13
-12
What is the value of 7 + (-11 - 5) + 8 + 1?
0
Calculate -5 + 18 + (-10 - -8).
11
Evaluate -44 - (-25 + 43 - 40).
-22
Calculate -3 - -11 - (-32 + 29 + -12).
23
What is the value of 13 - -2 - (-1 + -3 + (-5 - -14))?
10
What is the value of (5 - -5) + (-45 - -39)?
4
What is 11 - (-1 - -10) - -3 - 0?
5
Evaluate 24 + -44 - ((0 - 0) + -5).
-15
What is the value of -14 - (11 - (6 - -11))?
-8
Evaluate (11 - (-7 + 1)) + -11.
6
What is the value of (124 - 135) + 5 + -1?
-7
What is the value of (3 - 10) + -8 + 3?
-12
Calculate (-4 - -1) + (7 - 19).
-15
What is (11 - (-3 - (-13 + 1 + 8))) + -26?
-16
Evaluate 16 + (15 - 3) + -24 + 3.
7
Evaluate -3 + 12 - (2 + (1 - 0)).
6
Calculate -18 + (-6 + 49 - 23).
2
What is 18 + -1 + (13 - 13) + -54 + 57?
20
(9 - (-7 - (-10 + 5))) + 4
15
What is (5 - (-4 + -5)) + 10 + -15 + 2?
11
What is -33 + (73 - 35) + 11 + 1 + 1?
18
What is the value of (1 - 6) + 13 + (8 - (14 + -9))?
11
(-4 - 5) + -23 + 28 + 18
14
What is the value of 118 + -54 + 5 + -42?
27
What is (-37 - -7) + (-4 - -12)?
-22
What is the value of -2 + -8 + 4 + (12 - 5 - -5)?
6
What is -3 + 19 - (33 - (44 + -22))?
5
What is -7 + 49 - (58 + -37)?
21
What is -5 + (-5 - -11) + (-6 - (-2 + -1))?
-2
What is 4 - ((16 - 34) + 22)?
0
What is the value of (114 - 98) + (-5 - -9) + -12?
8
Calculate -2 + 0 + -2 + 3 + 0 + 13.
12
Evaluate (-3 - 7 - -4) + (-117 - -127).
4
(9 - -1) + -6 + (5 - -2)
11
What is (-19 + 11 - 2) + 2?
-8
What is the value of -12 + 4 + -7 + 211 + -218?
-22
What is the value of -20 + 18 - (3 - 13)?
8
Calculate -2 + 6 - (31 + -22) - 24.
-29
Evaluate -5 - 31 - (-46 + 30).
-20
What is the value of -26 - (-16 - -29 - 50)?
11
What is -1036 + 1091 + (2 - 37)?
20
Calculate 3 - (-14 - (1 + -10) - (-3 + 7)).
12
44 + -3 + (-34 - (2 + -30))
35
Evaluate 12 + (3 - (40 - 12)) + 10.
-3
Evaluate 36 - (16 + 13) - 0.
7
What is the value of -6 + 0 + 2 + -1 + (4977 - 4941)?
31
What is -19 + (1 - ((-1 - (-2 + -1)) + -7))?
-13
Calculate -1 + 17 + -11 + 4 - 8.
1
Evaluate -21 - -7 - (9 + -19).
-4
What is 11 - (-3 + (2 - 0))?
12
Calculate -27 - (1 + (23 - 10 - 13)).
-28
What is (-42 + 32 - -10) + 10?
10
(11 - 17 - 5) + (4 - -31)
24
-11 + -1 + (7 - -2) + (19 - 23)
-7
Evaluate 1 - (5 - (-1 - -1)) - -27.
23
-13 + (15 - 6) + -5
-9
What is (2 - -2) + 0 + -18 + 21 + -4?
3
Calculate 10 + 29 - (-2 - (-2 - 3)).
36
-33 - -47 - 16 - (-1 - 1)
0
What is the value of 26 + 0 - (-886 + 915)?
-3
What is 34 + -71 - (-38 - -5)?
-4
Calculate 1 - 1 - -6 - (-489 - -490).
5
Evaluate -6 + 0 + 2 + 17 - (-11 + 19).
5
Calculate -4 - -2 - -10 - (3 + 24 + -20).
1
What is 7 - (-99 - -92 - (-10 - 0))?
4
What is (-1 - -10) + (30 - 54 - -10) + 2?
-3
(35 - (-8 + 19)) + -15
9
What is the value of -1 + (-11 - 7 - -8)?
-11
Evaluate 0 - -2 - (3 + -20 + 31).
-12
What is 7 + (9 - (-30 + 33) - (0 - -8))?
5
Calculate 24 + 24 + -3 - 24.
21
What is -23 + (0 - -11) + 40 - 11?
17
Evaluate 85 + -86 - (-3 + -16).
18
Evaluate 1 + 6 + -132 + 127 + -8.
-6
Evaluate 17 + -22 + 9 + -5.
-1
What is the value of (31 - 48) + 12 + -15?
-20
What is (-2 - 0) + (109 - 105) + (-32 - 1)?
-31
Evaluate -26 + (28 - (-15 + 13)).
4
Evaluate 17 + (-5 - 32) + 7.
-13
What is the value of -5 + (-14 - (-14 + -8))?
3
(-1359 - -1373) + (5 - (1 - (0 - -2)))
20
What is the value of -2 - (6 - 12 - -6) - (-7 - -6)?
-1
Evaluate -4 + (11 - 0 - (-2 - -6)).
3
What is -43 - (24 + -51) - 1?
-17
What is 3 - (1 - -4) - (2 + (1 - 9))?
4
Evaluate 34 - 1 - (1504 + -1489).
18
148 + -125 + (-1 - 5)
17
Evaluate -33 + 15 - -24 - (0 - 6).
12
Calculate -25 + 15 + (10 - (15 + 1)) - -1.
-15
What is the value of -94 + 93 + 0 + 9 - (21 + 3)?
-16
10 - (-17 - -17 - -9)
1
13 + -42 + (-24 - -43)
-10
What is the value of -6 + -4 + 2 + (10 - 9 - 1)?
-8
-18 + 14 + (-3 + 4 - 3)
-6
What is 2 - (15 + 5 + -1)?
-17
Calculate 1 + -6 + -6 + (-6 - -5) + 7.
-5
(-15 - (-16 + 1)) + -7
-7
Evaluate -24 + 40 + (-16 - -21).
21
What is -15 - (-7 + 3 + -6)?
-5
Calculate 31 + -17 - 39 - -7.
-18
Evaluate 28 + -19 - (28 + -1) - (0 - -3).
-21
Evaluate -7 - (-3 + -19 - (8 + -22 + 10)).
11
(0 - 22) + (141 - 111) + -22
-14
What is the value of 7 - (26 + -8) - -6 - -4?
-1
What is 6 + -2 - (149 - 106)?
-39
What is 10 - (14 + -14) - 27?
-17
What is the value of 1 + 10 - (2 - (12 + -55 - -15))?
-19
Calculate 2 + 18 - (-4 + -2 + 9).
17
What is the value of (20 - 1) + (6 - 22 - -9)?
12
What is the value of -1 + 1 + (-22 - (1 + -9)) + 9?
-5
What is (15 - 16) + ((0 - -3) + -4 - 4)?
-6
Evaluate (4 - -17) + -1 - (4 + -2 + -9).
27
What is the value of -1 + (20 - 13 - 20)?
-14
Calculate -10 - (10 + (-14 - 8 - -9)).
-7
Evaluate 102 + -108 + 0 + 1 + -1.
-6
(6 - 16 - -11) + (-5 - (0 - 7))
3
27 + (11 - 51) + 18
5
0 + -9 - -2 - -2 - (648 + -676)
23
Calculate -3 + 10 - (6 - (15 - 5)).
11
(78 - 76) + 3 + (0 - 0) + -6
-1
-7 - 1 - (-106 - -97)
1
9 + (0 + 12 - (-26 - -44)) + -7
-4
What is 37 + -44 + (6 + -3 - (-1 - -3))?
-6
What is the value of (-2 - 5) + (17 - (4 + -2) - -4)?
12
(0 - -1) + 7 - (-148 - -151)
5
What is -9 + 1 + 19 + 4?
15
Evaluate -2 - (-38 + 63 - (8 + 3)).
-16
Evaluate -6 + -3 + 10 - (38 + 0 - 6).
-31
Calculate 18 + -13 + 5 + -8.
2
18 + (11 - 14) - 6
9
What is -17 + 16 + 8 - -3?
10
(0 - 8) + -2 + 4 - (-23 - -19)
-2
Calculate -1 + -10 + (-41 - (39 - 112)).
21
Evaluate -12 + 1 - -1 - -1 - (-4510 + 4515).
-14
What is the value of -44 - -41 - (3 - 4)?
-2
What is -25 - (-2 + 1 + 6)?
-30
Evaluate -13 + 1 - (11 - ((15 - 1) + 2)).
-7
What is the value of (-2 - 3 - 0) + (-62 - (-89 + 41))?
-19
43 - (-30 + -2) - 41
34
28 + 21 + -53 + -22
-26
Calculate 7 + 1 + 0 + 9 + -8.
9
What is 0 + 5 + 1 + (-99 - -47) + 45?
-1
What is the value of (3 - 0) + -3 - (-5 - (7 - 8))?
4
18 - (-217 + 224 + -5 + 1)
15
-12 + (-2 - (-4 + -5))
-5
What is (-8 - (-17 + -1)) + -1?
9
-4757 + 4742 - (2 - 0 - (-3 - -1))
-19
Evaluate 20 + -21 + 4 + 19.
22
Evaluate -22 + 10 + 1 + 1.
-10
-16 + 18 - (5 - (2 + 2 + -3))
-2
Evaluate (35 - 0) + 14 + (-25 - -26) + -11.
39
What is the value of -138 - -128 - (6 - (3 + -1 - 0))?
-14
Evaluate (28 - -10) + -4 + 6 + -14.
26
What is 11 - (-1 + (5 - -2)) - (-11 - -1)?
15
What is 3 - (8 + -14 - (1 - 9)) - -15?
16
What is the value of 606 + -612 - (1 - -15) - 7?
-29
Evaluate 100 - 95 - (-3 + (0 - 1)).
9
Calculate 1 - (9 - 2) - (-26 - -5 - -16).
-1
What is the value of 6 - (-19 + 22) - -21?
24
What is the value of 0 + (10 + -13 - -20) - (-2 + -2)?
21
What is (4 - -4) + (-1 - 1 - (10 - 20))?
16
Calculate -7 + 13 + 7 + -11 + -27 - -5.
-20
Calculate 10 - (5 + (9 - (13 - 3))).
6
What is -15 + 4 - -8 - ((6 - 2) + -2)?
-5
What is the value of 0 - -9 - (3 - -27 - (18 - 8))?
-11
What is the value of -17 - 13 - -53 - 1?
22
(4 - -2 - -4) + (8 + -18 - -9)
9
1 + -14 + (51 - 42) - (-4 - 2)
2
What is the value of -19 + (-13 - -33 - 9)?
-8
What is 7 + 1 + (-8 - -4) + 5 + -8?
1
(0 - -17) + (24 - (35 + -9))
15
What is (-4 - 2 - (5 + 0 + -7)) + 1?
-3
What is the value of (-6 - (-2 + -1) - -1) + (146 - 154)?
-10
Calculate 10 - (-3 + -14 + 26).
1
(12 - 3) + 19 + -3 + (1 - 10)
16
Calculate 4 - (6 - (5 + -3)) - -4 - 1.
3
Evaluate -7 + (-11 - (-30 - -17 - -19)).
-24
22 + -15 + -12 - -3
-2
Calculate -10 + 21 + -9 - ((-4 - 11) + 1).
16
Calculate (1 - (-8 - -11)) + -10 - 7.
-19
What is the value of -1 + -2 - 12 - (80 + -96)?
1
Evaluate -4 - -15 - (7 + -1 + -2).
7
What is the value of 8 + (-22 - (12 - 24)) - -24?
22
What is the value of 3 + -1 + 14 - 5?
11
-4 - -1 - (-505 - -487)
15
Calculate 6 - (-9 + -10 - -17) - -12.
20
Calculate -24 - (1 - (26 - 17)).
-16
-6 - (5 - (-5 + 9))
-7
5 + -8 + (-2 + 7 - (-4 - -7))
-1
What is the value of (4 + -10 - -11) + -1 + -3?
1
What is the value of (-1 - -11) + (36 - 29)?
17
-9 + (18 - (3 - -4))
2
What is the value of -392 - -393 - (-1 - 9) - 39?
-28
Evaluate -4 - (5 + -2 + -3) - (26 - 11).
-19
Evaluate (-3 - (1 - (4 + -6 + 6))) + 0.
0
What is -8 + 8 + -10 + (25 - 1)?
14
What is 3 + (8 - -17) - 62?
-34
Evaluate -13 - (0 - 19 - (-74 + 57)).
-11
What is the value of 21 + -17 - (1 + 1 + -8 + 29)?
-19
3 + 4 + -9 + 21 + -8
11
Evaluate -2 - 8 - (-12 - (-4 - -18)).
16
Calculate 9 - ((11 - 3) + -6 - 1).
8
What is the value of 7 - (3 + (5 - (0 + 11)) - -9)?
1
Evaluate -3 + (-11 - 16) - -27.
-3
What is the value of (15 - (7 - 4)) + -23 + 52?
41
(9 - (3 + -13 + 4)) + -6
9
What is (13 